 are the prime factors of k?
2, 3
Suppose 159*c - 150*c = 67266. List the prime factors of c.
2, 37, 101
Let f(a) = a**3 + 9*a**2 + a + 3. Let v be f(-9). Let z(r) = 3*r**2 + 5*r - 4. Let s be z(v). Suppose -4*u + 210 + s = 0. What are the prime factors of u?
71
Let y(k) = -k**3 + 20*k**2 - 14*k - 16. Let b(j) = 4*j - 70. Let g be b(21). List the prime factors of y(g).
2, 241
Let v(w) = 3*w**2 - 61*w - 401. List the prime factors of v(-58).
13229
Suppose 140 = 25*s + 15. Suppose 7*t - 10*t = s*w - 254, 0 = 5*t - w - 470. List the prime factors of t.
3, 31
Let q = 976 - 222. Let z = 777 - q. What are the prime factors of z?
23
Let l(v) = 5*v**3 + 59*v**2 - 11*v + 33. Let m(i) = -2*i**3 - 29*i**2 + 6*i - 17. Let z(o) = -3*l(o) - 7*m(o). List the prime factors of z(25).
2, 3, 5, 7
Suppose 0 = -2*h - x + 102320, -2*h = 3*x - 60361 - 41951. List the prime factors of h.
2, 3, 8527
Suppose -5*c + 105905 = -5*h, 0 = 3*c + 4*h + 35316 - 98901. What are the prime factors of c?
21187
Let z = 4162 + -2050. Suppose 7*o = -4*o + z. What are the prime factors of o?
2, 3
Suppose -43*n + 229693 - 75839 = 0. Suppose t + v = 859, 3*t + 1013 = 3*v + n. What are the prime factors of t?
857
Let l(b) = -2*b**3 + 2*b**2 + 9*b + 5. Let q be l(-3). Suppose -277 = -h - 4*s, h - 239 - q = -s. List the prime factors of h.
293
Let v = 37 - 33. Let p(y) = 4*y + y**3 + 7*y**2 + v - 3*y - 1 + 5*y. What are the prime factors of p(-6)?
3
Let j be ((-10)/(-25))/(4/20). Suppose j*t + 6 = 5*d - 6*d, -12 = 2*t - 2*d. What are the prime factors of 32/16*(-418)/t?
11, 19
Suppose 0 = 2*k - 2*g - 628, 952 = 3*k - g - 0*g. Let s = k - 58. What are the prime factors of s?
3, 29
Let a(o) be the third derivative of -o**6/120 + o**5/10 - 5*o**4/24 - o**3/2 + 31*o**2. Let l be a(5). List the prime factors of (15/(-2))/(l/132*2).
3, 5, 11
List the prime factors of ((-3)/((-18)/(-8126)))/(22/(-2376)*12).
3, 17, 239
Let o = 0 - -8. Suppose 5*h + 60 = -25*h. List the prime factors of (-8)/h + o/1.
2, 3
Let p(r) = r**3 - 4*r**2 + 4*r - 15. Let q = -105 - -110. What are the prime factors of p(q)?
2, 3, 5
Let q = 4415 + -2195. List the prime factors of (69/(-12))/((-15)/q).
23, 37
Suppose -3*o - 3*v - 12 = 0, 3*o - 3*v + 18 = -0*o. Let f(g) = -g**2 - 6*g + 8. Let d be f(o). Suppose d = 4*c - 3. What are the prime factors of c?
2
Let t(r) = -r**3 + 24*r**2 + 26*r + 20. Suppose 0 = -u + 308 - 283. What are the prime factors of t(u)?
3, 5
Let a be -13 + 17 - 0/2. Let g be (3 - 5)*(5 - a). List the prime factors of (-9)/12 - ((-2217)/12 + g).
2, 3, 31
Let h be (16*13/10)/(466/99025). Suppose 9*b - h = 5*b. What are the prime factors of b?
5, 13, 17
Suppose 5*d + 31 = 4*w, 7*d - 15 = 12*d. Suppose -5*i - o + 7575 = 0, 0 = 2*o - 14 + w. List the prime factors of i.
2, 757
Suppose 3*o + 100338 = 3*q, -3*o + 99308 + 1012 = 3*q. List the prime factors of q.
53, 631
Let x = 1797 - 757. What are the prime factors of x?
2, 5, 13
Suppose -20*b = 13*b + 10*b - 1287334. What are the prime factors of b?
2, 14969
Suppose 11 = -3*g - 10, -2*g = 5*d - 141536. What are the prime factors of d?
2, 5, 19, 149
Suppose -3*i = 9*f - 8*f - 322, -1654 = -5*f - 4*i. Let b = -238 + f. What are the prime factors of b?
2, 3
Let t = 1138 - 935. What are the prime factors of t?
7, 29
Let p(j) = j**2 - 7*j - 14. Let k(u) = 1. Let t(c) = -3*k(c) - p(c). What are the prime factors of t(7)?
11
Suppose 2*w + 0*o - 7210 = 3*o, 4*o = -2*w + 7168. What are the prime factors of w?
2, 29, 31
Suppose 0 = 4*o - 2*l + 3*l - 15, 4*l = -4. Suppose -5*r - 2*i + 1392 = 0, -o*r - r + 1404 = -i. List the prime factors of r.
2, 5, 7
Suppose 206*m - 219*m + 601510 = 0. What are the prime factors of m?
2, 5, 7, 661
Let i be 384/(-18)*6*1*-2. Suppose 0 = 2*h + 58 - i. Let j = h + -54. What are the prime factors of j?
3, 5
Suppose 6151 = 2*n - 599. What are the prime factors of n?
3, 5
Let v be ((-25811)/(-106))/(0 + (-2)/(-20)). Suppose -46*g + 51*g = v. List the prime factors of g.
487
Let l(r) = -193*r + 141. List the prime factors of l(-36).
3, 17, 139
Suppose 37*w - 8*w = -4*w + 1463319. List the prime factors of w.
3, 13, 379
Let y(w) = -4*w + 2. Let t be y(-3). Let u(g) = -2*g**3 + 27*g**2 + 18*g. Let d be u(14). Suppose -2*b = -t - d. What are the prime factors of b?
5, 7
What are the prime factors of 2*(2 - (-734592)/40 - (-6)/(-20))?
109, 337
Suppose 37 + 497 = 6*j. Let g = -27 + j. What are the prime factors of (-2)/((-64)/g - -1)?
2, 31
Let p(r) = -76*r + 7 - 32*r + 1 - 1 + 17. What are the prime factors of p(-14)?
2, 3
Let a be (2 + 11/3)*12/((-20)/5). Let x(i) be the third derivative of i**6/120 + 17*i**5/60 - i**4/4 + 11*i**3/6 - i**2. What are the prime factors of x(a)?
113
Let t = -2695 - -4884. Suppose 38*l - 17275 = -t. List the prime factors of l.
397
Let x = 1906 - 1437. List the prime factors of x.
7, 67
Let x(u) = -360 + 0*u**3 + 9*u + 2*u**3 + 359. What are the prime factors of x(5)?
2, 3, 7
Let d(u) = 51*u**2 + 4*u + 10. Let j be d(3). Suppose -j = 5*z + t + 3*t, -3 = -3*t. Let q = 262 + z. List the prime factors of q.
3, 5, 11
Suppose -42*a = -24*a - 23*a + 28980. What are the prime factors of a?
2, 3, 7, 23
Suppose -215*r + 4120026 = -1439014. What are the prime factors of r?
2, 101
Suppose 0 = -n + 10*n. Suppose n = 7*t - 6*t - 50. Suppose 6*r = -5*f + 3*r + t, r = 3*f - 16. What are the prime factors of f?
7
Suppose -20*i + 10*i = -340. Suppose i = -19*d - 118. List the prime factors of (-8)/10*4/d*185.
2, 37
Suppose 3*b + 2*x - 25 = 0, x + 10 = 3*x. Suppose -4*p + b*t = -4238, -4*t + 4220 = 10*p - 6*p. List the prime factors of p.
7, 151
Let k = 26813 - 18816. What are the prime factors of k?
11, 727
Suppose 25*i - 144 - 156 = 0. List the prime factors of (36/81)/(i/3294).
2, 61
Let n(q) be the first derivative of -q**3/3 - 21*q**2/2 + 14*q + 6. Let z = 74 + -94. List the prime factors of n(z).
2, 17
Suppose 4*s - 3*x + 6 = 53, -2*s + 4*x = -36. Suppose -7*p = -s*p - 146. Let m = 249 + p. List the prime factors of m.
103
Let v(x) = -15954*x**3 - 2*x**2 + 2*x + 5. List the prime factors of v(-1).
5, 3191
Let p(k) be the first derivative of -5*k**4/4 + 10*k**3/3 + 21*k**2/2 + 7*k - 233. List the prime factors of p(-6).
1321
Let f = -39788 - -60320. List the prime factors of f.
2, 3, 29, 59
Let v(n) = -n**3 + 8*n**2 - 11*n. Let r be v(4). Suppose -14*h - 5328 = -r*h. List the prime factors of h.
2, 3, 37
Suppose 12*j + 63*j - 1667841 = -54*j. What are the prime factors of j?
7, 1847
Let a be (-3)/(-12) - (-3)/4. Let t = 75 + -5. Let u = t + a. What are the prime factors of u?
71
Suppose -2*r = -5*r - 3. Let g be 3 + (1 + 0)/r. Suppose -g*a - 3*l = -5*l - 236, 0 = -2*l - 2. What are the prime factors of a?
3, 13
Let i(t) be the first derivative of -t**4/4 + 4*t**3 + t**2/2 + 9*t - 2564. Let r(y) = 3*y - 5. Let l be r(5). List the prime factors of i(l).
3, 73
Let a = 4543 + -1001. List the prime factors of a.
2, 7, 11, 23
Suppose 2*a + 19 - 49 = 0. Let z(d) = 23*d + 12. Let j be z(a). Suppose 32*q - 35*q = -j. List the prime factors of q.
7, 17
Let w be (1/8*2)/(5/100). List the prime factors of w*-1 + 6/4*170.
2, 5
Let g(v) = 5*v**2 + 33*v - 21. Let q(a) = a**2 + 8*a - 5. Let m(r) = 2*g(r) - 9*q(r). Let l be m(3). Let x(u) = -13*u + 14. What are the prime factors of x(l)?
2, 23
Let s(z) be the second derivative of -13*z - 1/2*z**4 + 0 - 1/20*z**5 - 7/6*z**3 + 1/2*z**2. What are the prime factors of s(-8)?
5, 37
Let o = -917 - -1434. List the prime factors of o.
11, 47
Let m(i) = -26*i + 41. Let r be m(-5). Suppose 719 = r*p - 170*p. What are the prime factors of p?
719
Suppose 5*t + 16*q - 11*q = -10430, -8335 = 4*t - 5*q. Let w = -1132 - t. List the prime factors of w.
953
Let h = 191 + -134. Suppose -111 + 18 = -3*t. Let y = h - t. What are the prime factors of y?
2, 13
Suppose 4*c = 2*u - 3168, 2*u - c = c + 3168. Suppose 0 = -7*a + 121 - u. List the prime factors of 2*a/(-11)*(-1)/(-2).
19
List the prime factors of 2 + (-341038)/(-26) + -3 + 84/546.
2, 3, 1093
Let v(f) = -2201*f + 115. What are the prime factors of v(-11)?
2, 12163
Suppose 4*c - 7629 = -d, 4*d + 18 = 6. What are the prime factors of c?
2, 3, 53
Let f be 75/125 + (-6)/10. Suppose f = -11*k + 14*k + 135. List the prime factors of 6/(3 - 0)*k/(-2).
3, 5
Let